b6?
-197fba
In base 3, what is 20110012 - -20211201?
111021220
In base 3, what is 101 + 1210020201122101?
1210020201122202
In base 11, what is 11 + -692361?
-692350
In base 14, what is -2 + -25888498?
-2588849a
In base 2, what is -111001010110010101000 + 100000?
-111001010110010001000
In base 10, what is 258393 + -39?
258354
In base 11, what is -4 - 908709?
-908712
In base 15, what is -136ab - -30a?
-133a1
In base 8, what is -244363137 - -3?
-244363134
In base 16, what is -b824 + -93?
-b8b7
In base 11, what is -4889 - 19?
-48a7
In base 14, what is 1b7229 - 1bc?
1b704b
In base 13, what is 5 - -885166?
88516b
In base 8, what is 14051346 + -14?
14051332
In base 2, what is 110100110001000110000001 - 101?
110100110001000101111100
In base 6, what is 1334442 + 502?
1335344
In base 3, what is 122011222012001202 + 1?
122011222012001210
In base 6, what is -10 + 14010313?
14010303
In base 3, what is -122002022010101 - -11?
-122002022010020
In base 6, what is -5 + -21354123?
-21354132
In base 8, what is 4516110 + -655?
4515233
In base 8, what is 5 - 73405515?
-73405510
In base 9, what is -165010 + 44?
-164855
In base 4, what is 1121331 + -222113?
233212
In base 7, what is -1553302 + 222?
-1553050
In base 9, what is -104856806 + -5?
-104856812
In base 6, what is -32 + 3145053?
3145021
In base 8, what is -3627526 - 13?
-3627541
In base 10, what is -1891 + -66465?
-68356
In base 12, what is 6 + -171abaa1?
-171aba97
In base 12, what is 1b + -1081a866?
-1081a847
In base 15, what is 36b5d1 - 2?
36b5ce
In base 15, what is -eb25345 - 3?
-eb25348
In base 5, what is 214340402303 - 4?
214340402244
In base 9, what is 1734862 + 114?
1735076
In base 8, what is 467341075 - -6?
467341103
In base 13, what is -1b + -1098b2bc?
-1098b30a
In base 16, what is -7e + -70bce?
-70c4c
In base 16, what is ea2 + -473?
a2f
In base 9, what is 835828 + -112?
835716
In base 4, what is 2313031323 + -1032?
2313030231
In base 7, what is -1611201023 + 3?
-1611201020
In base 5, what is 2241402 + -2002?
2234400
In base 5, what is -23234200 + -202?
-23234402
In base 14, what is 56c - -35b4?
3b42
In base 4, what is 33203012111 + -2020?
33203010031
In base 16, what is 95f2cd1 - 1?
95f2cd0
In base 15, what is -2014 - -bb2?
-1352
In base 14, what is 43b0 - -3?
43b3
In base 4, what is -12032 + -121101?
-133133
In base 3, what is -12 - -112121022121001022?
112121022121001010
In base 16, what is 13ae3d61 - -1?
13ae3d62
In base 8, what is -50766 + 1773?
-46773
In base 11, what is -2024 - 6674?
-8698
In base 8, what is -662 - 751172?
-752054
In base 16, what is 1 - 3c8212?
-3c8211
In base 13, what is -202839 + -21?
-20285a
In base 14, what is 5 - -4157d8?
4157dd
In base 2, what is 11011011101000101001010 - -10010?
11011011101000101011100
In base 11, what is -1a937 - 517?
-20353
In base 8, what is -43 - -161631472?
161631427
In base 4, what is -1021101100 + 112103?
-1020322331
In base 15, what is -15bc59 - -2?
-15bc57
In base 15, what is -ddb81 - -135?
-dda4b
In base 10, what is -111579 - 53?
-111632
In base 9, what is 301 + -184060?
-183658
In base 10, what is -46075023 + -4?
-46075027
In base 12, what is -135348493 + 4?
-13534848b
In base 11, what is a804387 + 3?
a80438a
In base 14, what is 1a464d2 - -99?
1a4658b
In base 15, what is 24bb2 - -270?
24e32
In base 11, what is 106 + -5440?
-5335
In base 12, what is -6764 - 14405?
-1ab69
In base 11, what is -1002a + -47a?
-104a9
In base 3, what is -2201122011210 + 1122?
-2201122010011
In base 9, what is 52770 - 783?
51876
In base 15, what is 142c3 - 3489?
10d39
In base 2, what is -11111001011111101111 - -1?
-11111001011111101110
In base 11, what is a016 - 141?
9985
In base 6, what is -15 + -4331201?
-4331220
In base 16, what is -5 + 11c2e6f?
11c2e6a
In base 2, what is 100110111000001100100 - -1000?
100110111000001101100
In base 16, what is 2dd + -7adae?
-7aad1
In base 16, what is 2b31 + 140c?
3f3d
In base 2, what is -11111000 + 11011100101000011?
11011100001001011
In base 13, what is -36 - 5638?
-5671
In base 13, what is 2a0 + -b42?
-872
In base 15, what is -530c + -a6?
-53b3
In base 2, what is -1 + -11110001111110100110100?
-11110001111110100110101
In base 13, what is b2 - -b1a38?
b1b1a
In base 13, what is 2407 - 6b2?
1a25
In base 13, what is -9a528 - -128?
-9a400
In base 2, what is -11100 - -11100000011001000010101100?
11100000011001000010010000
In base 2, what is 1000110111110 - -1000000010110011?
1001001001110001
In base 7, what is -4 - -655622424?
655622420
In base 11, what is 0 - -86a589a4?
86a589a4
In base 2, what is -10000110100001100101100 + 101100?
-10000110100001100000000
In base 3, what is 1120212000010 + -212020?
1120211010220
In base 12, what is 51178b1 - -5?
51178b6
In base 9, what is 81 + -1048117?
-1048026
In base 8, what is -52227462 + 61?
-52227401
In base 2, what is -1111100111011111110 + -101100?
-1111100111100101010
In base 11, what is -2 - -2230926?
2230924
In base 14, what is aa6d4ad - -2?
aa6d4b1
In base 12, what is -59b195a8 - -3?
-59b195a5
In base 13, what is 4326bb4 - 14?
4326ba0
In base 9, what is 4075 + -37363?
-33277
In base 9, what is -458334612 - 4?
-458334616
In base 14, what is 9a997a6 + -6?
9a997a0
In base 6, what is 3 + 24421413412?
24421413415
In base 9, what is 151843 + 146?
152100
In base 13, what is -2775a1 - 0?
-2775a1
In base 9, what is -38321 - -220?
-38101
In base 10, what is -123202 + -42?
-123244
In base 12, what is -442a0 - 368?
-44648
In base 14, what is -44439 + -5c?
-44497
In base 4, what is 1 + 10303131131301?
10303131131302
In base 5, what is -1211101304 - 41?
-1211101400
In base 8, what is -33367635 + 5?
-33367630
In base 6, what is -212 - -45504353?
45504141
In base 9, what is 3075 - -4445?
7531
In base 8, what is 750330 - 13?
750315
In base 16, what is 21aa40d - 1?
21aa40c
In base 6, what is -3 - 4042135243?
-4042135250
In base 7, what is 2 - -26402553?
26402555
In base 13, what is 65832ba - -4?
65832c1
In base 9, what is 100103040 - 0?
100103040
In base 16, what is 3 + 108442?
108445
In base 4, what is -2 + 203320122203?
203320122201
In base 4, what is 33 + 23331123031?
23331123130
In base 10, what is 4 + 32435276?
32435280
In base 7, what is 136001 - -14232?
153233
In base 15, what is 2008d59c + -1?
2008d59b
In base 8, what is 45 + -1064763?
-1064716
In base 15, what is -5 + 2c8d6d?
2c8d68
In base 6, what is 3 + -210430425?
-210430422
In base 3, what is 12221 + 2022121220?
2022211211
In base 12, what is -32 + -289b1?
-28a23
In base 5, what is 3023311421 + -43?
3023311323
In base 14, what is a1c3 + -329?
9c98
In base 4, what is -1101122322120 - -3?
-1101122322111
In base 11, what is 6a238 - -69?
6a2a6
In base 4, what is 133112022 - -31?
133112113
In base 11, what is -1763785a + 2?
-17637858
In base 12, what is 6597950 - 5?
6597947
In base 3, what is 2221222 - 112201120?
-102202121
In base 10, what is 3 + -58892325?
-58892322
In base 13, what is 10a60bac + 0?
10a60bac
In base 2, what is -1101010 - 111101100000110?
-111101101110000
In base 2, what is 11000100100000100 + -10001010?
11000100001111010
In base 2, what is -11 - -110010110101011101011100001?
110010110101011101011011110
In base 7, what is -2215 + 1323466?
1321251
In base 5, what is 1443304213113 + 0?
1443304213113
In base 3, what is -1222102110 - 10021?
-1222112201
In base 8, what is -127533211 - -1?
-127533210
In base 7, what is -64 + 4054506?
4054412
In base 11, what is 61771 - 1a1?
61580
In base 6, what is 114201 + -50100?
24101
In base 7, what is -322 + -2564111?
-2564433
In base 9, what is 310 + 1635723?
1636133
In base 4, what is -11332130 + -320?
-11333110
In base 7, what is -364054 - 166?
-364253
In base 6, what is 5024 + 41053?
50121
In base 7, what is 640466 + 1100?
641566
In base 16, what is -11ed2 - -31?
-11ea1
In base 12, what is -706 - -5b486?
5a980
In base 2, what is -1110 - -1011010111110101?
1011010111100111
In base 5, what is 442 - 132224010?
-132223013
In base 7, what is -2231 + -125563?
-131124
In base 5, what is -1012243330 - -4?
-1012243321
In base 15, what is 1d - -93658?
93676
In base 14, what is 2dacb + -da?
2d9d1
In base 3, what is 0 - -111100120220002200?
111100120220002200
In base 8, what is -20011 - -7023?
-10766
In base 9, what is 430482 - -117?
430610
In base 5, what is 0 - -300133?
300133
In base 10, what is